(-4))/(s/28). Suppose 2*l - k = c, -30 + 9 = -l + 4*k. What is the units digit of l?
1
What is the tens digit of ((-138)/4)/(52/(-2288))?
1
Suppose 2*v - 4 = 4*v. What is the tens digit of ((-4)/(-3) + v)*(-582)/4?
9
Suppose 9*g + 1881 = 13*g + 5*a, -2*g - a = -945. What is the units digit of g?
4
Let c be (-5 + 2)*(-12)/18. Let n = 5 - c. Suppose 2*q = n*q - 60. What is the units digit of q?
0
Let i = 56 + 24. Let y = -8 + 14. What is the tens digit of (i/y)/((-1)/(-3))?
4
Let i = -43 - -760. What is the tens digit of i?
1
Let f be -4 + (-2 - -4) + 1. What is the units digit of (-4)/(8/f)*28?
4
Suppose 3*q + 12 = 5*q. Let s(i) = 2*i**2 + 17*i + 5. Let a(w) = w**2 + 9*w + 3. Let t(p) = q*s(p) - 11*a(p). What is the units digit of t(-4)?
1
Let c be 2/(90/(-25) + 4). Let d(q) = -q**3 + 6*q**2 + 2*q. What is the tens digit of d(c)?
3
Let h be ((-8)/4 + 2)/2. Suppose w - 17 = 2*y, 4*w = -y - h*y + 68. Let j = w + -9. What is the units digit of j?
8
Let d(j) be the first derivative of j**2/2 + 4*j + 1. Let b be d(4). Suppose z - 360 = -5*n, -3*n = 3*z - b*z - 188. What is the tens digit of n?
7
Suppose 6*j - 12206 = -4*p, 6118 = 3*j - 4*p + 9*p. What is the tens digit of j?
3
Let b(a) = -176*a - 618. What is the thousands digit of b(-22)?
3
Suppose -c = 4*k - 129 - 56, 133 = 3*k - 5*c. Suppose -k = -7*o + 5*o. What is the tens digit of o?
2
Let d(s) = -70*s + 43. What is the hundreds digit of d(-10)?
7
Suppose -4*o = 11*g - 15*g + 8332, 6253 = 3*g - 5*o. What is the hundreds digit of g?
0
Suppose 5*p = -b + 1122, -7*b = -10*b + p + 3430. What is the thousands digit of b?
1
What is the units digit of 117/26*(-4348)/(-9)?
4
Let f = 73 + -64. Let q = 61 + f. What is the units digit of q?
0
Let w = 311 - -840. What is the thousands digit of w?
1
Suppose -11*z - 30 = -14*z. Suppose z*g = 6*g + t + 513, -3*g - t + 376 = 0. What is the tens digit of g?
2
Let d(b) = b**3 + 15*b**2 + 17*b + 16. Let w be d(-14). Let z = 21 - w. What is the units digit of (3 - 5 - -3) + z?
8
Let d(l) = 2*l - 22. Let k be d(12). Suppose -k*j + 212 = 2*j. What is the tens digit of j?
5
Let z(k) = -k**2 + 106*k - 336. What is the thousands digit of z(56)?
2
What is the tens digit of (-4)/(-3)*1740/40?
5
Let w(p) = p**3 - 7*p**2 - 6*p - 14. Let q be w(8). Suppose 3 = z, -4*f + 6*z - q*z = 640. Let h = -106 - f. What is the units digit of h?
1
Suppose 0 = -54*v + 53*v + 675. What is the tens digit of v?
7
Suppose -90 = -3*a - 3*a. Let z = 24 - a. Let l = z - 8. What is the units digit of l?
1
Let w(i) = -2*i**2 - 10*i + 10. Let j be w(-6). What is the tens digit of (1 + (-16)/(-4))*(-46)/j?
1
Let d(g) = g**2 - 5*g + 16. Let o(v) = -v**3 + v**2 + 3*v + 3. Let t be (1 - 0)*(-8 + 6). Let b be o(t). What is the units digit of d(b)?
2
Let y = 20 - 39. Let g = 127 + y. What is the hundreds digit of g?
1
What is the units digit of -9 + 250/3 - (-2)/(-6)?
4
Let h(i) = i**2 - 9*i - 1. Let n be h(9). Let y = n - -49. What is the tens digit of y?
4
What is the units digit of (26/65)/((-2)/(-3010))?
2
Let l be -1 + 1/((-1)/(-2)). Let w be ((-1)/(-2))/(l/4). What is the tens digit of -2*w*108/(-16)?
2
Suppose 5*n = 2*v - 604 + 6554, v - 5 = 0. What is the hundreds digit of n?
1
What is the hundreds digit of 2*(-5)/(-5) + (-1779)/(-3)?
5
Let r be (-5 + -4 + 8)*(1 - 360). Suppose r - 54 = 5*k. What is the tens digit of k?
6
Suppose 11*j - 2455 = 1362. What is the tens digit of j?
4
Let w = 98 + -89. Let q(l) = 3*l**2 + 8*l + 5. What is the hundreds digit of q(w)?
3
Let c(l) = -4*l**3 + 6*l**2 + 4*l - 10. What is the hundreds digit of c(-3)?
1
Let p be (-204)/(-8) - (-6)/4. Let d = p + 17. What is the tens digit of d?
4
Let k(b) = 5*b**2 - 7 + b + 3 + 2*b + b**3. Let p be k(-3). Let q = p + 25. What is the units digit of q?
0
Let h(p) = -43*p + 44. Let g be h(6). Let i = g + 432. What is the hundreds digit of i?
2
Let f(u) = -2*u**3 + u**2. Let n be f(-1). Suppose -g - 4 = -n*g. Suppose -5*t - g + 37 = 0. What is the units digit of t?
7
Suppose 0 = -4*q - 5*b + 13, 14 = 3*q - 5*b - 22. Suppose 0 = -q*h + 8*h. Suppose -5*c + 109 + 141 = h. What is the tens digit of c?
5
Let j = 47 + -33. Let q = j - 10. Suppose -q*w = w - 100. What is the units digit of w?
0
Let w(g) = -6*g**3 - 7*g**2 + 8*g + 24. What is the tens digit of w(-5)?
5
Let o(w) = 10*w**2 + 3*w + 3. Suppose -2*g + 19 - 1 = -4*d, 4*g - 24 = 5*d. What is the tens digit of o(d)?
5
Let y(v) be the third derivative of 17*v**5/60 + v**4/8 - v**3/3 - 8*v**2. What is the units digit of y(-2)?
0
Suppose 3*t = 4*t + 2*a - 2, 0 = 5*a + 10. What is the tens digit of (-2)/(-4) + 543/t?
9
Let i = 25 + -14. Suppose 6*d - 19 = -3*l + d, -2*d - i = -5*l. Suppose 4*y + 8 = 0, -l*b - y + 59 = -65. What is the units digit of b?
2
What is the units digit of (2 - 4 - (13 + 1199))/(-2)?
7
Let w = 66 + 31. Suppose -2*x + t = -w, 3*t + 0*t = -5*x + 226. What is the tens digit of x?
4
Let m be (-354)/(-15) - 2/(-5). Suppose -b - 3*b = -m. Suppose -f = -b*f + 255. What is the tens digit of f?
5
Suppose -2*p + 1724 = 3*i, -3*p + 1709 + 877 = -2*i. What is the hundreds digit of p?
8
What is the tens digit of (-7473)/(-6) - 7/(42/(-9))?
4
Let j = -10 - 12. Let k = 186 + -334. What is the units digit of ((-11)/j)/((-2)/k)?
7
Let u(y) = -52*y + 4544. What is the thousands digit of u(0)?
4
Suppose 8*h = 18 - 2. Suppose -4*u - 110 = -z, 4*u = h*z + u - 230. What is the tens digit of z?
1
Let a(y) = -y + 3. Let w be a(-2). Suppose -3*b = 2*b - 25, w*b + 227 = -3*o. What is the tens digit of (o/70)/(6/(-220))?
4
What is the tens digit of (250300/15)/10*3?
0
Suppose 0 = x - 211 - 459. What is the hundreds digit of x?
6
Let m = -14 - -24. Suppose m*w = 12*w - 34. Let p = 52 - w. What is the tens digit of p?
3
Suppose -123*p + 127*p - 3572 = 0. What is the tens digit of p?
9
Suppose -31 = -g + 16. Let p = -30 + 29. Let v = g - p. What is the units digit of v?
8
Let n(z) = -7*z + 2 - 21*z - 22*z - z. What is the tens digit of n(-2)?
0
Let p be 0/((-12)/4) + 2. Suppose -40 = 2*m - 0*y + 2*y, m - p*y + 14 = 0. Let b = 9 - m. What is the tens digit of b?
2
Let g = 130 + -218. Let d = g + 138. Suppose -l + 2*l = d. What is the tens digit of l?
5
Suppose k - 44 = 5*s, -3*k - 5*s + 219 = 67. What is the units digit of (-126)/k*(0 - 7)?
8
Suppose -3*o = -y - 32, 2*o - 6*o = 2*y - 26. Suppose 7*h = 4*h + o. What is the units digit of h?
3
Suppose -18*w + 2562 = -4*w. Suppose 45 = 6*f - w. What is the tens digit of f?
3
Suppose -n + 2*y + 7 = -0*y, 5*n = 5*y + 10. Let f(k) = 3*k + 9. Let m be f(n). Suppose 8*t - 6*t - 132 = m. What is the units digit of t?
6
Let q(b) = 636*b**3 + 3*b**2 + b - 3. What is the units digit of q(1)?
7
What is the units digit of (-574)/28*(2 - 30)?
4
Let j be ((-7)/7)/((-2)/22). Let g = -10 + j. Let h = 11 + g. What is the tens digit of h?
1
Let p(u) = 40*u**2 - 5*u - 8. What is the tens digit of p(4)?
1
Let i(r) = 7*r**2 - 46*r + 16. What is the tens digit of i(17)?
5
Let z be ((-2)/(-6))/(3/54). Suppose 2*l = -z + 14. Suppose 7 = -l*p + 15. What is the units digit of p?
2
Let g(j) = -68*j + 101. What is the hundreds digit of g(-10)?
7
Let x = -57 - -99. Let f = x - -88. What is the hundreds digit of f?
1
Suppose 26 = -3*f + 11, 6420 = 4*d + 4*f. What is the thousands digit of d?
1
Suppose -m = -0*m - 3. Suppose -m = -2*n + n, 0 = -4*d + 3*n + 239. What is the tens digit of d?
6
Let w = 103 + -46. Suppose -10*t + w = -7*t. What is the units digit of t?
9
Let v(u) = 20*u**2 + u - 6. What is the tens digit of v(-3)?
7
Suppose 3*f + 75*l - 5673 = 78*l, 4*l = 0. What is the tens digit of f?
9
Suppose 5*i - 31 = q - 4, -5*i + 2*q + 29 = 0. Suppose i*b = 55 + 180. What is the tens digit of b?
4
What is the tens digit of (-1 - 44/6)*(-40 - -7)?
7
Let p = -28 - -31. Suppose 5*m + 3*b - 26 = 0, 5*b - p*b + 8 = 3*m. What is the units digit of m?
4
What is the tens digit of ((-1)/4*-12)/((-2)/(-200))?
0
Let m(d) = 23*d + 10. Let r be m(-7). Let g = r - -319. What is the hundreds digit of g?
1
Suppose 2*r - 4*z - 1680 = 0, -74*r + 78*r - 3410 = -2*z. What is the units digit of r?
0
Suppose 0*x - 3*x + 690 = 3*i, 236 = x - i. Let b = x + -116. What is the hundreds digit of b?
1
Let n(d) = -2*d**2 - 17*d + 4. Let v be n(-14). Let x = v - -266. What is the units di